{"id":3958,"date":"2023-09-05T17:27:07","date_gmt":"2023-09-05T15:27:07","guid":{"rendered":"https:\/\/www.voelkel-re.de\/aktuelle-projekte\/nouveau-centre-de-fuerth\/"},"modified":"2023-11-29T10:20:19","modified_gmt":"2023-11-29T09:20:19","slug":"neue-mitte-fuerth","status":"publish","type":"aktuelle-projekte","link":"https:\/\/www.voelkel-re.de\/fr\/projets-en-cours\/neue-mitte-fuerth\/","title":{"rendered":"Neue Mitte F\u00fcrth"},"content":{"rendered":"<p>Le Neue Mitte \u00e0 F\u00fcrth, ouvert en 2015, est un centre commercial ou un quartier urbain ouvert qui s&#8217;\u00e9tend sur deux parties de b\u00e2timent et compte plus de 17 locataires issus du commerce de d\u00e9tail et des bureaux. Les locataires principaux sont TK Maxx, Rewe et C&amp;A (\u00e9tat 2023).<\/p>\n","protected":false},"featured_media":1913,"template":"","class_list":["post-3958","aktuelle-projekte","type-aktuelle-projekte","status-publish","has-post-thumbnail","hentry"],"acf":[],"yoast_head":"<!-- This site is optimized with the Yoast SEO plugin v27.5 - https:\/\/yoast.com\/product\/yoast-seo-wordpress\/ -->\n<title>Neue Mitte F\u00fcrth - V\u00d6LKEL Real Estate | Hamburg<\/title>\n<meta name=\"description\" content=\"Le Neue Mitte \u00e0 F\u00fcrth est un centre commercial et un quartier urbain ouvert qui compte plus de 17 locataires issus du commerce de d\u00e9tail et des bureaux.\" \/>\n<meta name=\"robots\" content=\"index, follow, max-snippet:-1, max-image-preview:large, max-video-preview:-1\" \/>\n<link rel=\"canonical\" href=\"https:\/\/www.voelkel-re.de\/fr\/projets-en-cours\/neue-mitte-fuerth\/\" \/>\n<meta property=\"og:locale\" content=\"fr_FR\" \/>\n<meta property=\"og:type\" content=\"article\" \/>\n<meta property=\"og:title\" content=\"Neue Mitte F\u00fcrth - V\u00d6LKEL Real Estate | Hamburg\" \/>\n<meta property=\"og:description\" content=\"Le Neue Mitte \u00e0 F\u00fcrth est un centre commercial et un quartier urbain ouvert qui compte plus de 17 locataires issus du commerce de d\u00e9tail et des bureaux.\" \/>\n<meta property=\"og:url\" content=\"https:\/\/www.voelkel-re.de\/fr\/projets-en-cours\/neue-mitte-fuerth\/\" \/>\n<meta property=\"og:site_name\" content=\"V\u00d6LKEL Real Estate | Hamburg\" \/>\n<meta property=\"article:modified_time\" content=\"2023-11-29T09:20:19+00:00\" \/>\n<meta property=\"og:image\" content=\"https:\/\/www.voelkel-re.de\/wp-content\/uploads\/voelkel_objekt_1440-x-1080_neue-mitte_fuerth.jpg\" \/>\n\t<meta property=\"og:image:width\" content=\"1440\" \/>\n\t<meta property=\"og:image:height\" content=\"1080\" \/>\n\t<meta property=\"og:image:type\" content=\"image\/jpeg\" \/>\n<meta name=\"twitter:card\" content=\"summary_large_image\" \/>\n<script type=\"application\/ld+json\" class=\"yoast-schema-graph\">{\"@context\":\"https:\\\/\\\/schema.org\",\"@graph\":[{\"@type\":\"WebPage\",\"@id\":\"https:\\\/\\\/www.voelkel-re.de\\\/fr\\\/projets-en-cours\\\/neue-mitte-fuerth\\\/\",\"url\":\"https:\\\/\\\/www.voelkel-re.de\\\/fr\\\/projets-en-cours\\\/neue-mitte-fuerth\\\/\",\"name\":\"Neue Mitte F\u00fcrth - V\u00d6LKEL Real Estate | Hamburg\",\"isPartOf\":{\"@id\":\"https:\\\/\\\/www.voelkel-re.de\\\/#website\"},\"primaryImageOfPage\":{\"@id\":\"https:\\\/\\\/www.voelkel-re.de\\\/fr\\\/projets-en-cours\\\/neue-mitte-fuerth\\\/#primaryimage\"},\"image\":{\"@id\":\"https:\\\/\\\/www.voelkel-re.de\\\/fr\\\/projets-en-cours\\\/neue-mitte-fuerth\\\/#primaryimage\"},\"thumbnailUrl\":\"https:\\\/\\\/www.voelkel-re.de\\\/wp-content\\\/uploads\\\/voelkel_objekt_1440-x-1080_neue-mitte_fuerth.jpg\",\"datePublished\":\"2023-09-05T15:27:07+00:00\",\"dateModified\":\"2023-11-29T09:20:19+00:00\",\"description\":\"Le Neue Mitte \u00e0 F\u00fcrth est un centre commercial et un quartier urbain ouvert qui compte plus de 17 locataires issus du commerce de d\u00e9tail et des bureaux.\",\"breadcrumb\":{\"@id\":\"https:\\\/\\\/www.voelkel-re.de\\\/fr\\\/projets-en-cours\\\/neue-mitte-fuerth\\\/#breadcrumb\"},\"inLanguage\":\"fr-FR\",\"potentialAction\":[{\"@type\":\"ReadAction\",\"target\":[\"https:\\\/\\\/www.voelkel-re.de\\\/fr\\\/projets-en-cours\\\/neue-mitte-fuerth\\\/\"]}]},{\"@type\":\"ImageObject\",\"inLanguage\":\"fr-FR\",\"@id\":\"https:\\\/\\\/www.voelkel-re.de\\\/fr\\\/projets-en-cours\\\/neue-mitte-fuerth\\\/#primaryimage\",\"url\":\"https:\\\/\\\/www.voelkel-re.de\\\/wp-content\\\/uploads\\\/voelkel_objekt_1440-x-1080_neue-mitte_fuerth.jpg\",\"contentUrl\":\"https:\\\/\\\/www.voelkel-re.de\\\/wp-content\\\/uploads\\\/voelkel_objekt_1440-x-1080_neue-mitte_fuerth.jpg\",\"width\":1440,\"height\":1080,\"caption\":\"Neue Mitte F\u00fcrth\"},{\"@type\":\"BreadcrumbList\",\"@id\":\"https:\\\/\\\/www.voelkel-re.de\\\/fr\\\/projets-en-cours\\\/neue-mitte-fuerth\\\/#breadcrumb\",\"itemListElement\":[{\"@type\":\"ListItem\",\"position\":1,\"name\":\"Startseite\",\"item\":\"https:\\\/\\\/www.voelkel-re.de\\\/fr\\\/\"},{\"@type\":\"ListItem\",\"position\":2,\"name\":\"Neue Mitte F\u00fcrth\"}]},{\"@type\":\"WebSite\",\"@id\":\"https:\\\/\\\/www.voelkel-re.de\\\/#website\",\"url\":\"https:\\\/\\\/www.voelkel-re.de\\\/\",\"name\":\"V\u00d6LKEL Real Estate | Hamburg\",\"description\":\"Immobiliendienstleistungen f\u00fcr Handels- und Gewerbeimmobilien\",\"publisher\":{\"@id\":\"https:\\\/\\\/www.voelkel-re.de\\\/#organization\"},\"potentialAction\":[{\"@type\":\"SearchAction\",\"target\":{\"@type\":\"EntryPoint\",\"urlTemplate\":\"https:\\\/\\\/www.voelkel-re.de\\\/?s={search_term_string}\"},\"query-input\":{\"@type\":\"PropertyValueSpecification\",\"valueRequired\":true,\"valueName\":\"search_term_string\"}}],\"inLanguage\":\"fr-FR\"},{\"@type\":\"Organization\",\"@id\":\"https:\\\/\\\/www.voelkel-re.de\\\/#organization\",\"name\":\"V\u00d6LKEL Real Estate | Hamburg\",\"url\":\"https:\\\/\\\/www.voelkel-re.de\\\/\",\"logo\":{\"@type\":\"ImageObject\",\"inLanguage\":\"fr-FR\",\"@id\":\"https:\\\/\\\/www.voelkel-re.de\\\/#\\\/schema\\\/logo\\\/image\\\/\",\"url\":\"https:\\\/\\\/www.voelkel-re.de\\\/wp-content\\\/uploads\\\/VOELKEL-Logo.jpg\",\"contentUrl\":\"https:\\\/\\\/www.voelkel-re.de\\\/wp-content\\\/uploads\\\/VOELKEL-Logo.jpg\",\"width\":1600,\"height\":900,\"caption\":\"V\u00d6LKEL Real Estate | Hamburg\"},\"image\":{\"@id\":\"https:\\\/\\\/www.voelkel-re.de\\\/#\\\/schema\\\/logo\\\/image\\\/\"},\"sameAs\":[\"https:\\\/\\\/de.linkedin.com\\\/company\\\/voelkel-real-estate\"]}]}<\/script>\n<!-- \/ Yoast SEO plugin. -->","yoast_head_json":{"title":"Neue Mitte F\u00fcrth - V\u00d6LKEL Real Estate | Hamburg","description":"Le Neue Mitte \u00e0 F\u00fcrth est un centre commercial et un quartier urbain ouvert qui compte plus de 17 locataires issus du commerce de d\u00e9tail et des bureaux.","robots":{"index":"index","follow":"follow","max-snippet":"max-snippet:-1","max-image-preview":"max-image-preview:large","max-video-preview":"max-video-preview:-1"},"canonical":"https:\/\/www.voelkel-re.de\/fr\/projets-en-cours\/neue-mitte-fuerth\/","og_locale":"fr_FR","og_type":"article","og_title":"Neue Mitte F\u00fcrth - V\u00d6LKEL Real Estate | Hamburg","og_description":"Le Neue Mitte \u00e0 F\u00fcrth est un centre commercial et un quartier urbain ouvert qui compte plus de 17 locataires issus du commerce de d\u00e9tail et des bureaux.","og_url":"https:\/\/www.voelkel-re.de\/fr\/projets-en-cours\/neue-mitte-fuerth\/","og_site_name":"V\u00d6LKEL Real Estate | Hamburg","article_modified_time":"2023-11-29T09:20:19+00:00","og_image":[{"width":1440,"height":1080,"url":"https:\/\/www.voelkel-re.de\/wp-content\/uploads\/voelkel_objekt_1440-x-1080_neue-mitte_fuerth.jpg","type":"image\/jpeg"}],"twitter_card":"summary_large_image","schema":{"@context":"https:\/\/schema.org","@graph":[{"@type":"WebPage","@id":"https:\/\/www.voelkel-re.de\/fr\/projets-en-cours\/neue-mitte-fuerth\/","url":"https:\/\/www.voelkel-re.de\/fr\/projets-en-cours\/neue-mitte-fuerth\/","name":"Neue Mitte F\u00fcrth - V\u00d6LKEL Real Estate | Hamburg","isPartOf":{"@id":"https:\/\/www.voelkel-re.de\/#website"},"primaryImageOfPage":{"@id":"https:\/\/www.voelkel-re.de\/fr\/projets-en-cours\/neue-mitte-fuerth\/#primaryimage"},"image":{"@id":"https:\/\/www.voelkel-re.de\/fr\/projets-en-cours\/neue-mitte-fuerth\/#primaryimage"},"thumbnailUrl":"https:\/\/www.voelkel-re.de\/wp-content\/uploads\/voelkel_objekt_1440-x-1080_neue-mitte_fuerth.jpg","datePublished":"2023-09-05T15:27:07+00:00","dateModified":"2023-11-29T09:20:19+00:00","description":"Le Neue Mitte \u00e0 F\u00fcrth est un centre commercial et un quartier urbain ouvert qui compte plus de 17 locataires issus du commerce de d\u00e9tail et des bureaux.","breadcrumb":{"@id":"https:\/\/www.voelkel-re.de\/fr\/projets-en-cours\/neue-mitte-fuerth\/#breadcrumb"},"inLanguage":"fr-FR","potentialAction":[{"@type":"ReadAction","target":["https:\/\/www.voelkel-re.de\/fr\/projets-en-cours\/neue-mitte-fuerth\/"]}]},{"@type":"ImageObject","inLanguage":"fr-FR","@id":"https:\/\/www.voelkel-re.de\/fr\/projets-en-cours\/neue-mitte-fuerth\/#primaryimage","url":"https:\/\/www.voelkel-re.de\/wp-content\/uploads\/voelkel_objekt_1440-x-1080_neue-mitte_fuerth.jpg","contentUrl":"https:\/\/www.voelkel-re.de\/wp-content\/uploads\/voelkel_objekt_1440-x-1080_neue-mitte_fuerth.jpg","width":1440,"height":1080,"caption":"Neue Mitte F\u00fcrth"},{"@type":"BreadcrumbList","@id":"https:\/\/www.voelkel-re.de\/fr\/projets-en-cours\/neue-mitte-fuerth\/#breadcrumb","itemListElement":[{"@type":"ListItem","position":1,"name":"Startseite","item":"https:\/\/www.voelkel-re.de\/fr\/"},{"@type":"ListItem","position":2,"name":"Neue Mitte F\u00fcrth"}]},{"@type":"WebSite","@id":"https:\/\/www.voelkel-re.de\/#website","url":"https:\/\/www.voelkel-re.de\/","name":"V\u00d6LKEL Real Estate | Hamburg","description":"Immobiliendienstleistungen f\u00fcr Handels- und Gewerbeimmobilien","publisher":{"@id":"https:\/\/www.voelkel-re.de\/#organization"},"potentialAction":[{"@type":"SearchAction","target":{"@type":"EntryPoint","urlTemplate":"https:\/\/www.voelkel-re.de\/?s={search_term_string}"},"query-input":{"@type":"PropertyValueSpecification","valueRequired":true,"valueName":"search_term_string"}}],"inLanguage":"fr-FR"},{"@type":"Organization","@id":"https:\/\/www.voelkel-re.de\/#organization","name":"V\u00d6LKEL Real Estate | Hamburg","url":"https:\/\/www.voelkel-re.de\/","logo":{"@type":"ImageObject","inLanguage":"fr-FR","@id":"https:\/\/www.voelkel-re.de\/#\/schema\/logo\/image\/","url":"https:\/\/www.voelkel-re.de\/wp-content\/uploads\/VOELKEL-Logo.jpg","contentUrl":"https:\/\/www.voelkel-re.de\/wp-content\/uploads\/VOELKEL-Logo.jpg","width":1600,"height":900,"caption":"V\u00d6LKEL Real Estate | Hamburg"},"image":{"@id":"https:\/\/www.voelkel-re.de\/#\/schema\/logo\/image\/"},"sameAs":["https:\/\/de.linkedin.com\/company\/voelkel-real-estate"]}]}},"_links":{"self":[{"href":"https:\/\/www.voelkel-re.de\/fr\/wp-json\/wp\/v2\/aktuelle-projekte\/3958","targetHints":{"allow":["GET"]}}],"collection":[{"href":"https:\/\/www.voelkel-re.de\/fr\/wp-json\/wp\/v2\/aktuelle-projekte"}],"about":[{"href":"https:\/\/www.voelkel-re.de\/fr\/wp-json\/wp\/v2\/types\/aktuelle-projekte"}],"version-history":[{"count":2,"href":"https:\/\/www.voelkel-re.de\/fr\/wp-json\/wp\/v2\/aktuelle-projekte\/3958\/revisions"}],"predecessor-version":[{"id":4262,"href":"https:\/\/www.voelkel-re.de\/fr\/wp-json\/wp\/v2\/aktuelle-projekte\/3958\/revisions\/4262"}],"wp:featuredmedia":[{"embeddable":true,"href":"https:\/\/www.voelkel-re.de\/fr\/wp-json\/wp\/v2\/media\/1913"}],"wp:attachment":[{"href":"https:\/\/www.voelkel-re.de\/fr\/wp-json\/wp\/v2\/media?parent=3958"}],"curies":[{"name":"wp","href":"https:\/\/api.w.org\/{rel}","templated":true}]}}

Neue Mitte Fürth

<p>Le Neue Mitte à Fürth, ouvert en 2015, est un centre commercial ou un quartier urbain ouvert qui s&#8217;étend sur deux parties de bâtiment et compte plus de 17 locataires issus du commerce de détail et des bureaux. Les locataires principaux sont TK Maxx, Rewe et C&amp;A (état 2023).</p>

<!-- This site is optimized with the Yoast SEO plugin v27.5 - https://yoast.com/product/yoast-seo-wordpress/ -->
<title>Neue Mitte Fürth - VÖLKEL Real Estate | Hamburg</title>
<meta name="description" content="Le Neue Mitte à Fürth est un centre commercial et un quartier urbain ouvert qui compte plus de 17 locataires issus du commerce de détail et des bureaux." />
<meta name="robots" content="index, follow, max-snippet:-1, max-image-preview:large, max-video-preview:-1" />
<link rel="canonical" href="https://www.voelkel-re.de/fr/projets-en-cours/neue-mitte-fuerth/" />
<meta property="og:locale" content="fr_FR" />
<meta property="og:type" content="article" />
<meta property="og:title" content="Neue Mitte Fürth - VÖLKEL Real Estate | Hamburg" />
<meta property="og:description" content="Le Neue Mitte à Fürth est un centre commercial et un quartier urbain ouvert qui compte plus de 17 locataires issus du commerce de détail et des bureaux." />
<meta property="og:url" content="https://www.voelkel-re.de/fr/projets-en-cours/neue-mitte-fuerth/" />
<meta property="og:site_name" content="VÖLKEL Real Estate | Hamburg" />
<meta property="article:modified_time" content="2023-11-29T09:20:19+00:00" />
<meta property="og:image" content="https://www.voelkel-re.de/wp-content/uploads/voelkel_objekt_1440-x-1080_neue-mitte_fuerth.jpg" />
	<meta property="og:image:width" content="1440" />
	<meta property="og:image:height" content="1080" />
	<meta property="og:image:type" content="image/jpeg" />
<meta name="twitter:card" content="summary_large_image" />
<script type="application/ld+json" class="yoast-schema-graph">{"@context":"https:\/\/schema.org","@graph":[{"@type":"WebPage","@id":"https:\/\/www.voelkel-re.de\/fr\/projets-en-cours\/neue-mitte-fuerth\/","url":"https:\/\/www.voelkel-re.de\/fr\/projets-en-cours\/neue-mitte-fuerth\/","name":"Neue Mitte Fürth - VÖLKEL Real Estate | Hamburg","isPartOf":{"@id":"https:\/\/www.voelkel-re.de\/#website"},"primaryImageOfPage":{"@id":"https:\/\/www.voelkel-re.de\/fr\/projets-en-cours\/neue-mitte-fuerth\/#primaryimage"},"image":{"@id":"https:\/\/www.voelkel-re.de\/fr\/projets-en-cours\/neue-mitte-fuerth\/#primaryimage"},"thumbnailUrl":"https:\/\/www.voelkel-re.de\/wp-content\/uploads\/voelkel_objekt_1440-x-1080_neue-mitte_fuerth.jpg","datePublished":"2023-09-05T15:27:07+00:00","dateModified":"2023-11-29T09:20:19+00:00","description":"Le Neue Mitte à Fürth est un centre commercial et un quartier urbain ouvert qui compte plus de 17 locataires issus du commerce de détail et des bureaux.","breadcrumb":{"@id":"https:\/\/www.voelkel-re.de\/fr\/projets-en-cours\/neue-mitte-fuerth\/#breadcrumb"},"inLanguage":"fr-FR","potentialAction":[{"@type":"ReadAction","target":["https:\/\/www.voelkel-re.de\/fr\/projets-en-cours\/neue-mitte-fuerth\/"]}]},{"@type":"ImageObject","inLanguage":"fr-FR","@id":"https:\/\/www.voelkel-re.de\/fr\/projets-en-cours\/neue-mitte-fuerth\/#primaryimage","url":"https:\/\/www.voelkel-re.de\/wp-content\/uploads\/voelkel_objekt_1440-x-1080_neue-mitte_fuerth.jpg","contentUrl":"https:\/\/www.voelkel-re.de\/wp-content\/uploads\/voelkel_objekt_1440-x-1080_neue-mitte_fuerth.jpg","width":1440,"height":1080,"caption":"Neue Mitte Fürth"},{"@type":"BreadcrumbList","@id":"https:\/\/www.voelkel-re.de\/fr\/projets-en-cours\/neue-mitte-fuerth\/#breadcrumb","itemListElement":[{"@type":"ListItem","position":1,"name":"Startseite","item":"https:\/\/www.voelkel-re.de\/fr\/"},{"@type":"ListItem","position":2,"name":"Neue Mitte Fürth"}]},{"@type":"WebSite","@id":"https:\/\/www.voelkel-re.de\/#website","url":"https:\/\/www.voelkel-re.de\/","name":"VÖLKEL Real Estate | Hamburg","description":"Immobiliendienstleistungen für Handels- und Gewerbeimmobilien","publisher":{"@id":"https:\/\/www.voelkel-re.de\/#organization"},"potentialAction":[{"@type":"SearchAction","target":{"@type":"EntryPoint","urlTemplate":"https:\/\/www.voelkel-re.de\/?s={search_term_string}"},"query-input":{"@type":"PropertyValueSpecification","valueRequired":true,"valueName":"search_term_string"}}],"inLanguage":"fr-FR"},{"@type":"Organization","@id":"https:\/\/www.voelkel-re.de\/#organization","name":"VÖLKEL Real Estate | Hamburg","url":"https:\/\/www.voelkel-re.de\/","logo":{"@type":"ImageObject","inLanguage":"fr-FR","@id":"https:\/\/www.voelkel-re.de\/#\/schema\/logo\/image\/","url":"https:\/\/www.voelkel-re.de\/wp-content\/uploads\/VOELKEL-Logo.jpg","contentUrl":"https:\/\/www.voelkel-re.de\/wp-content\/uploads\/VOELKEL-Logo.jpg","width":1600,"height":900,"caption":"VÖLKEL Real Estate | Hamburg"},"image":{"@id":"https:\/\/www.voelkel-re.de\/#\/schema\/logo\/image\/"},"sameAs":["https:\/\/de.linkedin.com\/company\/voelkel-real-estate"]}]}</script>
<!-- / Yoast SEO plugin. -->

Neue Mitte Fürth - VÖLKEL Real Estate | Hamburg

Le Neue Mitte à Fürth est un centre commercial et un quartier urbain ouvert qui compte plus de 17 locataires issus du commerce de détail et des bureaux.

VÖLKEL Real Estate | Hamburg

Immobiliendienstleistungen für Handels- und Gewerbeimmobilien
